{"id":1454,"date":"2021-11-19T09:47:09","date_gmt":"2021-11-19T08:47:09","guid":{"rendered":"https:\/\/www.adai.it\/?page_id=1454"},"modified":"2021-11-19T09:47:29","modified_gmt":"2021-11-19T08:47:29","slug":"cellatica","status":"publish","type":"page","link":"https:\/\/www.adai.it\/it_it\/progetti\/cellatica\/","title":{"rendered":"Cellatica"},"content":{"rendered":"<div      class=\"vc_row wpb_row section vc_row-fluid \" style=' text-align:left;'><div class=\" full_section_inner clearfix\"><div class=\"wpb_column vc_column_container vc_col-sm-12\"><div class=\"vc_column-inner\"><div class=\"wpb_wrapper\">\n\t<div class=\"wpb_text_column wpb_content_element  vc_custom_1637310834878\">\n\t\t<div class=\"wpb_wrapper\">\n\t\t\t<h2 style=\"text-align: center;\">NUOVO EDIFICIO RESIDENZIALE, CELLATICA (BRESCIA)<\/h2>\n\n\t\t<\/div> \n\t<\/div> <\/div><\/div><\/div><\/div><\/div><div      class=\"vc_row wpb_row section vc_row-fluid  vc_custom_1602596360842\" style=' text-align:left;'><div class=\" full_section_inner clearfix\"><div class=\"wpb_column vc_column_container vc_col-sm-6\"><div class=\"vc_column-inner\"><div class=\"wpb_wrapper\">\n\t<div class=\"wpb_raw_code wpb_content_element wpb_raw_html vc_custom_1637310864215\" >\n\t\t<div class=\"wpb_wrapper\">\n\t\t\t<div id=\"metaslider-id-1365\" style=\"width: 100%;\" class=\"ml-slider-3-60-1 metaslider metaslider-responsive metaslider-1365 ml-slider ms-theme-default\" role=\"region\" aria-roledescription=\"Slideshow\" aria-label=\"Cellatica\">\n    <div id=\"metaslider_container_1365\">\n        <ul id='metaslider_1365' class='rslides'>\n            <li aria-roledescription='slide' aria-labelledby='slide-0'><a href=\"https:\/\/www.adai.it\/wp-content\/uploads\/2021\/11\/P_Cellatica-scaled.jpg\" target=\"_blank\"><img src=\"https:\/\/www.adai.it\/wp-content\/uploads\/2021\/11\/P_Cellatica-scaled-700x394.jpg\" height=\"394\" width=\"700\" alt=\"\" class=\"slider-1365 slide-1366\" title=\"P_Cellatica\" \/><\/a><\/li>\n            <li style='display: none;' aria-roledescription='slide' aria-labelledby='slide-1'><a href=\"https:\/\/www.adai.it\/wp-content\/uploads\/2021\/11\/P_Cellatica-2-scaled.jpg\" target=\"_blank\"><img src=\"https:\/\/www.adai.it\/wp-content\/uploads\/2021\/11\/P_Cellatica-2-scaled-700x394.jpg\" height=\"394\" width=\"700\" alt=\"\" class=\"slider-1365 slide-1367\" title=\"P_Cellatica 2\" \/><\/a><\/li>\n            <li style='display: none;' aria-roledescription='slide' aria-labelledby='slide-2'><a href=\"https:\/\/www.adai.it\/wp-content\/uploads\/2021\/11\/P_Cellatica-3.jpg\" target=\"_blank\"><img src=\"https:\/\/www.adai.it\/wp-content\/uploads\/2021\/11\/P_Cellatica-3-700x394.jpg\" height=\"394\" width=\"700\" alt=\"\" class=\"slider-1365 slide-1368\" title=\"P_Cellatica 3\" \/><\/a><\/li>\n            <li style='display: none;' aria-roledescription='slide' aria-labelledby='slide-3'><a href=\"https:\/\/www.adai.it\/wp-content\/uploads\/2021\/11\/P_Cellatica-4-rotated.jpg\" target=\"_blank\"><img src=\"https:\/\/www.adai.it\/wp-content\/uploads\/2021\/11\/P_Cellatica-4-rotated-700x394.jpg\" height=\"394\" width=\"700\" alt=\"\" class=\"slider-1365 slide-1369\" title=\"P_Cellatica 4\" \/><\/a><\/li>\n        <\/ul>\n        \n    <\/div>\n<\/div>\n\t\t<\/div>\n\t<\/div>\n<\/div><\/div><\/div><div class=\"wpb_animate_when_almost_visible wpb_fadeIn fadeIn wpb_column vc_column_container vc_col-sm-6\"><div class=\"vc_column-inner\"><div class=\"wpb_wrapper\">\n\t<div class=\"wpb_text_column wpb_content_element \">\n\t\t<div class=\"wpb_wrapper\">\n\t\t\t<p>Il progetto riguarda la realizzazione di un nuovo edificio residenziale su due livelli fuori terra, che costituiscono due unit\u00e0 abitative separate. In pianta si presenta con una forma a &#8220;L&#8221; che richiama quella del lotto stesso, permettendo cos\u00ec di sfruttare la pi\u00f9 ampia superficie edificabile possibile. A livello strutturale l&#8217;edificio \u00e8 stato realizzato con una struttura in acciaio a telaio con controventi concentrici.<\/p>\n\n\t\t<\/div> \n\t<\/div> <\/div><\/div><\/div><\/div><\/div>\n","protected":false},"excerpt":{"rendered":"NUOVO EDIFICIO RESIDENZIALE, CELLATICA (BRESCIA) Il progetto riguarda la realizzazione di un nuovo edificio residenziale su due livelli fuori terra, che costituiscono due unit\u00e0 abitative separate. In pianta si presenta con una forma a \"L\" che richiama quella del lotto stesso, permettendo cos\u00ec di sfruttare...","protected":false},"author":1,"featured_media":0,"parent":165,"menu_order":0,"comment_status":"closed","ping_status":"closed","template":"full_width.php","meta":[],"_links":{"self":[{"href":"https:\/\/www.adai.it\/it_it\/wp-json\/wp\/v2\/pages\/1454"}],"collection":[{"href":"https:\/\/www.adai.it\/it_it\/wp-json\/wp\/v2\/pages"}],"about":[{"href":"https:\/\/www.adai.it\/it_it\/wp-json\/wp\/v2\/types\/page"}],"author":[{"embeddable":true,"href":"https:\/\/www.adai.it\/it_it\/wp-json\/wp\/v2\/users\/1"}],"replies":[{"embeddable":true,"href":"https:\/\/www.adai.it\/it_it\/wp-json\/wp\/v2\/comments?post=1454"}],"version-history":[{"count":2,"href":"https:\/\/www.adai.it\/it_it\/wp-json\/wp\/v2\/pages\/1454\/revisions"}],"predecessor-version":[{"id":1456,"href":"https:\/\/www.adai.it\/it_it\/wp-json\/wp\/v2\/pages\/1454\/revisions\/1456"}],"up":[{"embeddable":true,"href":"https:\/\/www.adai.it\/it_it\/wp-json\/wp\/v2\/pages\/165"}],"wp:attachment":[{"href":"https:\/\/www.adai.it\/it_it\/wp-json\/wp\/v2\/media?parent=1454"}],"curies":[{"name":"wp","href":"https:\/\/api.w.org\/{rel}","templated":true}]}}

<div      class="vc_row wpb_row section vc_row-fluid " style=' text-align:left;'><div class=" full_section_inner clearfix"><div class="wpb_column vc_column_container vc_col-sm-12"><div class="vc_column-inner"><div class="wpb_wrapper">
	<div class="wpb_text_column wpb_content_element  vc_custom_1637310834878">
		<div class="wpb_wrapper">
			<h2 style="text-align: center;">NUOVO EDIFICIO RESIDENZIALE, CELLATICA (BRESCIA)</h2>

		</div> 
	</div> </div></div></div></div></div><div      class="vc_row wpb_row section vc_row-fluid  vc_custom_1602596360842" style=' text-align:left;'><div class=" full_section_inner clearfix"><div class="wpb_column vc_column_container vc_col-sm-6"><div class="vc_column-inner"><div class="wpb_wrapper">
	<div class="wpb_raw_code wpb_content_element wpb_raw_html vc_custom_1637310864215" >
		<div class="wpb_wrapper">
			<div id="metaslider-id-1365" style="width: 100%;" class="ml-slider-3-60-1 metaslider metaslider-responsive metaslider-1365 ml-slider ms-theme-default" role="region" aria-roledescription="Slideshow" aria-label="Cellatica">
    <div id="metaslider_container_1365">
        <ul id='metaslider_1365' class='rslides'>
            <li aria-roledescription='slide' aria-labelledby='slide-0'><a href="https://www.adai.it/wp-content/uploads/2021/11/P_Cellatica-scaled.jpg" target="_blank"><img src="https://www.adai.it/wp-content/uploads/2021/11/P_Cellatica-scaled-700x394.jpg" height="394" width="700" alt="" class="slider-1365 slide-1366" title="P_Cellatica" /></a></li>
            <li style='display: none;' aria-roledescription='slide' aria-labelledby='slide-1'><a href="https://www.adai.it/wp-content/uploads/2021/11/P_Cellatica-2-scaled.jpg" target="_blank"><img src="https://www.adai.it/wp-content/uploads/2021/11/P_Cellatica-2-scaled-700x394.jpg" height="394" width="700" alt="" class="slider-1365 slide-1367" title="P_Cellatica 2" /></a></li>
            <li style='display: none;' aria-roledescription='slide' aria-labelledby='slide-2'><a href="https://www.adai.it/wp-content/uploads/2021/11/P_Cellatica-3.jpg" target="_blank"><img src="https://www.adai.it/wp-content/uploads/2021/11/P_Cellatica-3-700x394.jpg" height="394" width="700" alt="" class="slider-1365 slide-1368" title="P_Cellatica 3" /></a></li>
            <li style='display: none;' aria-roledescription='slide' aria-labelledby='slide-3'><a href="https://www.adai.it/wp-content/uploads/2021/11/P_Cellatica-4-rotated.jpg" target="_blank"><img src="https://www.adai.it/wp-content/uploads/2021/11/P_Cellatica-4-rotated-700x394.jpg" height="394" width="700" alt="" class="slider-1365 slide-1369" title="P_Cellatica 4" /></a></li>
        </ul>
        
    </div>
</div>
		</div>
	</div>
</div></div></div><div class="wpb_animate_when_almost_visible wpb_fadeIn fadeIn wpb_column vc_column_container vc_col-sm-6"><div class="vc_column-inner"><div class="wpb_wrapper">
	<div class="wpb_text_column wpb_content_element ">
		<div class="wpb_wrapper">
			<p>Il progetto riguarda la realizzazione di un nuovo edificio residenziale su due livelli fuori terra, che costituiscono due unità abitative separate. In pianta si presenta con una forma a &#8220;L&#8221; che richiama quella del lotto stesso, permettendo così di sfruttare la più ampia superficie edificabile possibile. A livello strutturale l&#8217;edificio è stato realizzato con una struttura in acciaio a telaio con controventi concentrici.</p>

		</div> 
	</div> </div></div></div></div></div>

NUOVO EDIFICIO RESIDENZIALE, CELLATICA (BRESCIA) Il progetto riguarda la realizzazione di un nuovo edificio residenziale su due livelli fuori terra, che costituiscono due unità abitative separate. In pianta si presenta con una forma a "L" che richiama quella del lotto stesso, permettendo così di sfruttare...
