{"id":460,"date":"2020-10-13T18:02:35","date_gmt":"2020-10-13T16:02:35","guid":{"rendered":"http:\/\/localhost\/adai\/?page_id=460"},"modified":"2021-03-08T08:49:51","modified_gmt":"2021-03-08T07:49:51","slug":"montichiari","status":"publish","type":"page","link":"https:\/\/www.adai.it\/it_it\/progetti\/montichiari\/","title":{"rendered":"Montichiari"},"content":{"rendered":"<div      class=\"vc_row wpb_row section vc_row-fluid \" style=' text-align:left;'><div class=\" full_section_inner clearfix\"><div class=\"wpb_column vc_column_container vc_col-sm-12\"><div class=\"vc_column-inner\"><div class=\"wpb_wrapper\">\n\t<div class=\"wpb_text_column wpb_content_element  vc_custom_1603104411174\">\n\t\t<div class=\"wpb_wrapper\">\n\t\t\t<h2 style=\"text-align: center;\">CIMITERO COMUNALE, MONTICHIARI (BRESCIA)<\/h2>\n\n\t\t<\/div> \n\t<\/div> <\/div><\/div><\/div><\/div><\/div><div      class=\"vc_row wpb_row section vc_row-fluid  vc_custom_1602596360842\" style=' text-align:left;'><div class=\" full_section_inner clearfix\"><div class=\"wpb_column vc_column_container vc_col-sm-6\"><div class=\"vc_column-inner\"><div class=\"wpb_wrapper\">\n\t<div class=\"wpb_raw_code wpb_content_element wpb_raw_html vc_custom_1602600433743\" >\n\t\t<div class=\"wpb_wrapper\">\n\t\t\t<div id=\"metaslider-id-412\" style=\"width: 100%;\" class=\"ml-slider-3-60-1 metaslider metaslider-responsive metaslider-412 ml-slider ms-theme-default\" role=\"region\" aria-roledescription=\"Slideshow\" aria-label=\"Montichiari\">\n    <div id=\"metaslider_container_412\">\n        <ul id='metaslider_412' class='rslides'>\n            <li aria-roledescription='slide' aria-labelledby='slide-0'><a href=\"https:\/\/www.adai.it\/wp-content\/uploads\/2020\/10\/P_Montichiari.png\" target=\"_blank\"><img src=\"https:\/\/www.adai.it\/wp-content\/uploads\/2020\/10\/P_Montichiari-700x394.png\" height=\"394\" width=\"700\" alt=\"\" class=\"slider-412 slide-413\" title=\"P_Montichiari\" \/><\/a><\/li>\n            <li style='display: none;' aria-roledescription='slide' aria-labelledby='slide-1'><a href=\"https:\/\/www.adai.it\/wp-content\/uploads\/2020\/10\/P_Montichiari-2.png\" target=\"_blank\"><img src=\"https:\/\/www.adai.it\/wp-content\/uploads\/2020\/10\/P_Montichiari-2-700x394.png\" height=\"394\" width=\"700\" alt=\"\" class=\"slider-412 slide-414\" title=\"P_Montichiari 2\" \/><\/a><\/li>\n            <li style='display: none;' aria-roledescription='slide' aria-labelledby='slide-2'><a href=\"http:\/\/www.adai.it\/wp-content\/uploads\/2020\/10\/P_Montichiari-3-scaled.jpg\" target=\"_blank\"><img src=\"https:\/\/www.adai.it\/wp-content\/uploads\/2020\/10\/P_Montichiari-3-scaled-700x394.jpg\" height=\"394\" width=\"700\" alt=\"\" class=\"slider-412 slide-1172\" title=\"P_Montichiari 3\" \/><\/a><\/li>\n            <li style='display: none;' aria-roledescription='slide' aria-labelledby='slide-3'><a href=\"http:\/\/www.adai.it\/wp-content\/uploads\/2020\/10\/P_Montichiari-4-scaled.jpg\" target=\"_blank\"><img src=\"https:\/\/www.adai.it\/wp-content\/uploads\/2020\/10\/P_Montichiari-4-scaled-700x394.jpg\" height=\"394\" width=\"700\" alt=\"\" class=\"slider-412 slide-1174\" title=\"P_Montichiari 4\" \/><\/a><\/li>\n            <li style='display: none;' aria-roledescription='slide' aria-labelledby='slide-4'><a href=\"http:\/\/www.adai.it\/wp-content\/uploads\/2020\/10\/P_Montichiari-5-scaled.jpg\" target=\"_blank\"><img src=\"https:\/\/www.adai.it\/wp-content\/uploads\/2020\/10\/P_Montichiari-5-scaled-700x394.jpg\" height=\"394\" width=\"700\" alt=\"\" class=\"slider-412 slide-1176\" title=\"P_Montichiari 5\" \/><\/a><\/li>\n        <\/ul>\n        \n    <\/div>\n<\/div>\n\t\t<\/div>\n\t<\/div>\n<\/div><\/div><\/div><div class=\"wpb_animate_when_almost_visible wpb_fadeIn fadeIn wpb_column vc_column_container vc_col-sm-6\"><div class=\"vc_column-inner\"><div class=\"wpb_wrapper\">\n\t<div class=\"wpb_text_column wpb_content_element \">\n\t\t<div class=\"wpb_wrapper\">\n\t\t\t<p>L\u2019intervento ha riguardato l\u2019ampliamento del cimitero comunale, realizzato evitando ogni contatto con la struttura esistente seppur recuperandone le medesime altezze, proporzioni, misure, nonch\u00e9 materiali e colori. La qualit\u00e0 dello spazio aperto \u00e8 protagonista ed in relazione tra i diversi elementi che lo circoscrivono.<\/p>\n\n\t\t<\/div> \n\t<\/div> <\/div><\/div><\/div><\/div><\/div>\n","protected":false},"excerpt":{"rendered":"CIMITERO COMUNALE, MONTICHIARI (BRESCIA) L\u2019intervento ha riguardato l\u2019ampliamento del cimitero comunale, realizzato evitando ogni contatto con la struttura esistente seppur recuperandone le medesime altezze, proporzioni, misure, nonch\u00e9 materiali e colori. La qualit\u00e0 dello spazio aperto \u00e8 protagonista ed in relazione tra i diversi elementi che...","protected":false},"author":1,"featured_media":0,"parent":165,"menu_order":0,"comment_status":"closed","ping_status":"closed","template":"full_width.php","meta":[],"_links":{"self":[{"href":"https:\/\/www.adai.it\/it_it\/wp-json\/wp\/v2\/pages\/460"}],"collection":[{"href":"https:\/\/www.adai.it\/it_it\/wp-json\/wp\/v2\/pages"}],"about":[{"href":"https:\/\/www.adai.it\/it_it\/wp-json\/wp\/v2\/types\/page"}],"author":[{"embeddable":true,"href":"https:\/\/www.adai.it\/it_it\/wp-json\/wp\/v2\/users\/1"}],"replies":[{"embeddable":true,"href":"https:\/\/www.adai.it\/it_it\/wp-json\/wp\/v2\/comments?post=460"}],"version-history":[{"count":7,"href":"https:\/\/www.adai.it\/it_it\/wp-json\/wp\/v2\/pages\/460\/revisions"}],"predecessor-version":[{"id":1253,"href":"https:\/\/www.adai.it\/it_it\/wp-json\/wp\/v2\/pages\/460\/revisions\/1253"}],"up":[{"embeddable":true,"href":"https:\/\/www.adai.it\/it_it\/wp-json\/wp\/v2\/pages\/165"}],"wp:attachment":[{"href":"https:\/\/www.adai.it\/it_it\/wp-json\/wp\/v2\/media?parent=460"}],"curies":[{"name":"wp","href":"https:\/\/api.w.org\/{rel}","templated":true}]}}

<div      class="vc_row wpb_row section vc_row-fluid " style=' text-align:left;'><div class=" full_section_inner clearfix"><div class="wpb_column vc_column_container vc_col-sm-12"><div class="vc_column-inner"><div class="wpb_wrapper">
	<div class="wpb_text_column wpb_content_element  vc_custom_1603104411174">
		<div class="wpb_wrapper">
			<h2 style="text-align: center;">CIMITERO COMUNALE, MONTICHIARI (BRESCIA)</h2>

		</div> 
	</div> </div></div></div></div></div><div      class="vc_row wpb_row section vc_row-fluid  vc_custom_1602596360842" style=' text-align:left;'><div class=" full_section_inner clearfix"><div class="wpb_column vc_column_container vc_col-sm-6"><div class="vc_column-inner"><div class="wpb_wrapper">
	<div class="wpb_raw_code wpb_content_element wpb_raw_html vc_custom_1602600433743" >
		<div class="wpb_wrapper">
			<div id="metaslider-id-412" style="width: 100%;" class="ml-slider-3-60-1 metaslider metaslider-responsive metaslider-412 ml-slider ms-theme-default" role="region" aria-roledescription="Slideshow" aria-label="Montichiari">
    <div id="metaslider_container_412">
        <ul id='metaslider_412' class='rslides'>
            <li aria-roledescription='slide' aria-labelledby='slide-0'><a href="https://www.adai.it/wp-content/uploads/2020/10/P_Montichiari.png" target="_blank"><img src="https://www.adai.it/wp-content/uploads/2020/10/P_Montichiari-700x394.png" height="394" width="700" alt="" class="slider-412 slide-413" title="P_Montichiari" /></a></li>
            <li style='display: none;' aria-roledescription='slide' aria-labelledby='slide-1'><a href="https://www.adai.it/wp-content/uploads/2020/10/P_Montichiari-2.png" target="_blank"><img src="https://www.adai.it/wp-content/uploads/2020/10/P_Montichiari-2-700x394.png" height="394" width="700" alt="" class="slider-412 slide-414" title="P_Montichiari 2" /></a></li>
            <li style='display: none;' aria-roledescription='slide' aria-labelledby='slide-2'><a href="http://www.adai.it/wp-content/uploads/2020/10/P_Montichiari-3-scaled.jpg" target="_blank"><img src="https://www.adai.it/wp-content/uploads/2020/10/P_Montichiari-3-scaled-700x394.jpg" height="394" width="700" alt="" class="slider-412 slide-1172" title="P_Montichiari 3" /></a></li>
            <li style='display: none;' aria-roledescription='slide' aria-labelledby='slide-3'><a href="http://www.adai.it/wp-content/uploads/2020/10/P_Montichiari-4-scaled.jpg" target="_blank"><img src="https://www.adai.it/wp-content/uploads/2020/10/P_Montichiari-4-scaled-700x394.jpg" height="394" width="700" alt="" class="slider-412 slide-1174" title="P_Montichiari 4" /></a></li>
            <li style='display: none;' aria-roledescription='slide' aria-labelledby='slide-4'><a href="http://www.adai.it/wp-content/uploads/2020/10/P_Montichiari-5-scaled.jpg" target="_blank"><img src="https://www.adai.it/wp-content/uploads/2020/10/P_Montichiari-5-scaled-700x394.jpg" height="394" width="700" alt="" class="slider-412 slide-1176" title="P_Montichiari 5" /></a></li>
        </ul>
        
    </div>
</div>
		</div>
	</div>
</div></div></div><div class="wpb_animate_when_almost_visible wpb_fadeIn fadeIn wpb_column vc_column_container vc_col-sm-6"><div class="vc_column-inner"><div class="wpb_wrapper">
	<div class="wpb_text_column wpb_content_element ">
		<div class="wpb_wrapper">
			<p>L’intervento ha riguardato l’ampliamento del cimitero comunale, realizzato evitando ogni contatto con la struttura esistente seppur recuperandone le medesime altezze, proporzioni, misure, nonché materiali e colori. La qualità dello spazio aperto è protagonista ed in relazione tra i diversi elementi che lo circoscrivono.</p>

		</div> 
	</div> </div></div></div></div></div>

CIMITERO COMUNALE, MONTICHIARI (BRESCIA) L’intervento ha riguardato l’ampliamento del cimitero comunale, realizzato evitando ogni contatto con la struttura esistente seppur recuperandone le medesime altezze, proporzioni, misure, nonché materiali e colori. La qualità dello spazio aperto è protagonista ed in relazione tra i diversi elementi che...
