{"id":993,"date":"2020-10-19T09:43:49","date_gmt":"2020-10-19T07:43:49","guid":{"rendered":"http:\/\/localhost\/adai\/?page_id=993"},"modified":"2021-03-08T08:51:11","modified_gmt":"2021-03-08T07:51:11","slug":"parcheggio-arnaldo","status":"publish","type":"page","link":"https:\/\/www.adai.it\/it_it\/progetti\/parcheggio-arnaldo\/","title":{"rendered":"Parcheggio Arnaldo"},"content":{"rendered":"<div      class=\"vc_row wpb_row section vc_row-fluid \" style=' text-align:left;'><div class=\" full_section_inner clearfix\"><div class=\"wpb_column vc_column_container vc_col-sm-12\"><div class=\"vc_column-inner\"><div class=\"wpb_wrapper\">\n\t<div class=\"wpb_text_column wpb_content_element  vc_custom_1603093412862\">\n\t\t<div class=\"wpb_wrapper\">\n\t\t\t<h2 style=\"text-align: center;\">PARCHEGGIO ARNALDO, BRESCIA<\/h2>\n\n\t\t<\/div> \n\t<\/div> <\/div><\/div><\/div><\/div><\/div><div      class=\"vc_row wpb_row section vc_row-fluid  vc_custom_1603096835900\" style=' text-align:left;'><div class=\" full_section_inner clearfix\"><div class=\"wpb_column vc_column_container vc_col-sm-6\"><div class=\"vc_column-inner\"><div class=\"wpb_wrapper\">\n\t<div class=\"wpb_raw_code wpb_content_element wpb_raw_html vc_custom_1603093422586\" >\n\t\t<div class=\"wpb_wrapper\">\n\t\t\t<div id=\"metaslider-id-957\" style=\"width: 100%;\" class=\"ml-slider-3-60-1 metaslider metaslider-responsive metaslider-957 ml-slider ms-theme-default\" role=\"region\" aria-roledescription=\"Slideshow\" aria-label=\"Parcheggio Arnaldo\">\n    <div id=\"metaslider_container_957\">\n        <ul id='metaslider_957' class='rslides'>\n            <li aria-roledescription='slide' aria-labelledby='slide-0'><a href=\"https:\/\/www.adai.it\/wp-content\/uploads\/2020\/10\/P_Parcheggio-Arnaldo-5.jpg\" target=\"_blank\"><img src=\"https:\/\/www.adai.it\/wp-content\/uploads\/2020\/10\/P_Parcheggio-Arnaldo-5-700x394.jpg\" height=\"394\" width=\"700\" alt=\"\" class=\"slider-957 slide-959\" title=\"P_Parcheggio Arnaldo 5\" \/><\/a><\/li>\n            <li style='display: none;' aria-roledescription='slide' aria-labelledby='slide-1'><a href=\"https:\/\/www.adai.it\/wp-content\/uploads\/2020\/10\/P_Parcheggio-Arnaldo.jpg\" target=\"_blank\"><img src=\"https:\/\/www.adai.it\/wp-content\/uploads\/2020\/10\/P_Parcheggio-Arnaldo-700x394.jpg\" height=\"394\" width=\"700\" alt=\"\" class=\"slider-957 slide-958\" title=\"P_Parcheggio Arnaldo\" \/><\/a><\/li>\n            <li style='display: none;' aria-roledescription='slide' aria-labelledby='slide-2'><a href=\"https:\/\/www.adai.it\/wp-content\/uploads\/2020\/10\/P_Parcheggio-Arnaldo-2.jpg\" target=\"_blank\"><img src=\"https:\/\/www.adai.it\/wp-content\/uploads\/2020\/10\/P_Parcheggio-Arnaldo-2-700x394.jpg\" height=\"394\" width=\"700\" alt=\"\" class=\"slider-957 slide-960\" title=\"P_Parcheggio Arnaldo 2\" \/><\/a><\/li>\n            <li style='display: none;' aria-roledescription='slide' aria-labelledby='slide-3'><a href=\"https:\/\/www.adai.it\/wp-content\/uploads\/2020\/10\/P_Parcheggio-Arnaldo-6.jpg\" target=\"_blank\"><img src=\"https:\/\/www.adai.it\/wp-content\/uploads\/2020\/10\/P_Parcheggio-Arnaldo-6-700x394.jpg\" height=\"394\" width=\"700\" alt=\"\" class=\"slider-957 slide-961\" title=\"P_Parcheggio Arnaldo 6\" \/><\/a><\/li>\n        <\/ul>\n        \n    <\/div>\n<\/div>\n\t\t<\/div>\n\t<\/div>\n<\/div><\/div><\/div><div class=\"wpb_animate_when_almost_visible wpb_fadeIn fadeIn wpb_column vc_column_container vc_col-sm-6\"><div class=\"vc_column-inner\"><div class=\"wpb_wrapper\">\n\t<div class=\"wpb_video_widget wpb_content_element vc_clearfix   vc_custom_1603096841117 vc_video-aspect-ratio-169 vc_video-el-width-100 vc_video-align-left\" >\n\t\t<div class=\"wpb_wrapper\">\n\t\t\t\n\t\t\t<div class=\"wpb_video_wrapper\"><iframe title=\"Inaugurato il parcheggio interrato di Piazzale Arnaldo\" width=\"1060\" height=\"596\" src=\"https:\/\/www.youtube.com\/embed\/QvEAwzWeCrQ?feature=oembed\" frameborder=\"0\" allow=\"accelerometer; autoplay; clipboard-write; encrypted-media; gyroscope; picture-in-picture\" allowfullscreen><\/iframe><\/div>\n\t\t<\/div>\n\t<\/div>\n<\/div><\/div><\/div><\/div><\/div><div      class=\"vc_row wpb_row section vc_row-fluid  vc_custom_1603112572298\" style=' text-align:left;'><div class=\" full_section_inner clearfix\"><div class=\"wpb_column vc_column_container vc_col-sm-6\"><div class=\"vc_column-inner\"><div class=\"wpb_wrapper\">\n\t<div class=\"wpb_text_column wpb_content_element \">\n\t\t<div class=\"wpb_wrapper\">\n\t\t\t<p>Il nuovo parcheggio in struttura \u00e8 stato inserito tra due sistemi di mura veneziane poste in prossimit\u00e0 della piazza omonima. Il parcheggio, pluripiano ed interamente interrato per tre livelli, si sviluppa in lunghezza per circa 180 metri. L\u2019ingresso e l\u2019uscita dall\u2019esterno \u00e8 unica, con una rampa circolare a due vie; ad oggi \u00e8 uno dei parcheggi pi\u00f9 utilizzati del centro storico.<\/p>\n\n\t\t<\/div> \n\t<\/div> <\/div><\/div><\/div><div class=\"wpb_column vc_column_container vc_col-sm-6\"><div class=\"vc_column-inner\"><div class=\"wpb_wrapper\"><\/div><\/div><\/div><\/div><\/div>\n","protected":false},"excerpt":{"rendered":"PARCHEGGIO ARNALDO, BRESCIA Il nuovo parcheggio in struttura \u00e8 stato inserito tra due sistemi di mura veneziane poste in prossimit\u00e0 della piazza omonima. Il parcheggio, pluripiano ed interamente interrato per tre livelli, si sviluppa in lunghezza per circa 180 metri. L\u2019ingresso e l\u2019uscita dall\u2019esterno \u00e8...","protected":false},"author":1,"featured_media":0,"parent":165,"menu_order":0,"comment_status":"closed","ping_status":"closed","template":"full_width.php","meta":[],"_links":{"self":[{"href":"https:\/\/www.adai.it\/it_it\/wp-json\/wp\/v2\/pages\/993"}],"collection":[{"href":"https:\/\/www.adai.it\/it_it\/wp-json\/wp\/v2\/pages"}],"about":[{"href":"https:\/\/www.adai.it\/it_it\/wp-json\/wp\/v2\/types\/page"}],"author":[{"embeddable":true,"href":"https:\/\/www.adai.it\/it_it\/wp-json\/wp\/v2\/users\/1"}],"replies":[{"embeddable":true,"href":"https:\/\/www.adai.it\/it_it\/wp-json\/wp\/v2\/comments?post=993"}],"version-history":[{"count":15,"href":"https:\/\/www.adai.it\/it_it\/wp-json\/wp\/v2\/pages\/993\/revisions"}],"predecessor-version":[{"id":1255,"href":"https:\/\/www.adai.it\/it_it\/wp-json\/wp\/v2\/pages\/993\/revisions\/1255"}],"up":[{"embeddable":true,"href":"https:\/\/www.adai.it\/it_it\/wp-json\/wp\/v2\/pages\/165"}],"wp:attachment":[{"href":"https:\/\/www.adai.it\/it_it\/wp-json\/wp\/v2\/media?parent=993"}],"curies":[{"name":"wp","href":"https:\/\/api.w.org\/{rel}","templated":true}]}}

<div      class="vc_row wpb_row section vc_row-fluid " style=' text-align:left;'><div class=" full_section_inner clearfix"><div class="wpb_column vc_column_container vc_col-sm-12"><div class="vc_column-inner"><div class="wpb_wrapper">
	<div class="wpb_text_column wpb_content_element  vc_custom_1603093412862">
		<div class="wpb_wrapper">
			<h2 style="text-align: center;">PARCHEGGIO ARNALDO, BRESCIA</h2>

		</div> 
	</div> </div></div></div></div></div><div      class="vc_row wpb_row section vc_row-fluid  vc_custom_1603096835900" style=' text-align:left;'><div class=" full_section_inner clearfix"><div class="wpb_column vc_column_container vc_col-sm-6"><div class="vc_column-inner"><div class="wpb_wrapper">
	<div class="wpb_raw_code wpb_content_element wpb_raw_html vc_custom_1603093422586" >
		<div class="wpb_wrapper">
			<div id="metaslider-id-957" style="width: 100%;" class="ml-slider-3-60-1 metaslider metaslider-responsive metaslider-957 ml-slider ms-theme-default" role="region" aria-roledescription="Slideshow" aria-label="Parcheggio Arnaldo">
    <div id="metaslider_container_957">
        <ul id='metaslider_957' class='rslides'>
            <li aria-roledescription='slide' aria-labelledby='slide-0'><a href="https://www.adai.it/wp-content/uploads/2020/10/P_Parcheggio-Arnaldo-5.jpg" target="_blank"><img src="https://www.adai.it/wp-content/uploads/2020/10/P_Parcheggio-Arnaldo-5-700x394.jpg" height="394" width="700" alt="" class="slider-957 slide-959" title="P_Parcheggio Arnaldo 5" /></a></li>
            <li style='display: none;' aria-roledescription='slide' aria-labelledby='slide-1'><a href="https://www.adai.it/wp-content/uploads/2020/10/P_Parcheggio-Arnaldo.jpg" target="_blank"><img src="https://www.adai.it/wp-content/uploads/2020/10/P_Parcheggio-Arnaldo-700x394.jpg" height="394" width="700" alt="" class="slider-957 slide-958" title="P_Parcheggio Arnaldo" /></a></li>
            <li style='display: none;' aria-roledescription='slide' aria-labelledby='slide-2'><a href="https://www.adai.it/wp-content/uploads/2020/10/P_Parcheggio-Arnaldo-2.jpg" target="_blank"><img src="https://www.adai.it/wp-content/uploads/2020/10/P_Parcheggio-Arnaldo-2-700x394.jpg" height="394" width="700" alt="" class="slider-957 slide-960" title="P_Parcheggio Arnaldo 2" /></a></li>
            <li style='display: none;' aria-roledescription='slide' aria-labelledby='slide-3'><a href="https://www.adai.it/wp-content/uploads/2020/10/P_Parcheggio-Arnaldo-6.jpg" target="_blank"><img src="https://www.adai.it/wp-content/uploads/2020/10/P_Parcheggio-Arnaldo-6-700x394.jpg" height="394" width="700" alt="" class="slider-957 slide-961" title="P_Parcheggio Arnaldo 6" /></a></li>
        </ul>
        
    </div>
</div>
		</div>
	</div>
</div></div></div><div class="wpb_animate_when_almost_visible wpb_fadeIn fadeIn wpb_column vc_column_container vc_col-sm-6"><div class="vc_column-inner"><div class="wpb_wrapper">
	<div class="wpb_video_widget wpb_content_element vc_clearfix   vc_custom_1603096841117 vc_video-aspect-ratio-169 vc_video-el-width-100 vc_video-align-left" >
		<div class="wpb_wrapper">
			
			<div class="wpb_video_wrapper"><iframe title="Inaugurato il parcheggio interrato di Piazzale Arnaldo" width="1060" height="596" src="https://www.youtube.com/embed/QvEAwzWeCrQ?feature=oembed" frameborder="0" allow="accelerometer; autoplay; clipboard-write; encrypted-media; gyroscope; picture-in-picture" allowfullscreen></iframe></div>
		</div>
	</div>
</div></div></div></div></div><div      class="vc_row wpb_row section vc_row-fluid  vc_custom_1603112572298" style=' text-align:left;'><div class=" full_section_inner clearfix"><div class="wpb_column vc_column_container vc_col-sm-6"><div class="vc_column-inner"><div class="wpb_wrapper">
	<div class="wpb_text_column wpb_content_element ">
		<div class="wpb_wrapper">
			<p>Il nuovo parcheggio in struttura è stato inserito tra due sistemi di mura veneziane poste in prossimità della piazza omonima. Il parcheggio, pluripiano ed interamente interrato per tre livelli, si sviluppa in lunghezza per circa 180 metri. L’ingresso e l’uscita dall’esterno è unica, con una rampa circolare a due vie; ad oggi è uno dei parcheggi più utilizzati del centro storico.</p>

		</div> 
	</div> </div></div></div><div class="wpb_column vc_column_container vc_col-sm-6"><div class="vc_column-inner"><div class="wpb_wrapper"></div></div></div></div></div>

PARCHEGGIO ARNALDO, BRESCIA Il nuovo parcheggio in struttura è stato inserito tra due sistemi di mura veneziane poste in prossimità della piazza omonima. Il parcheggio, pluripiano ed interamente interrato per tre livelli, si sviluppa in lunghezza per circa 180 metri. L’ingresso e l’uscita dall’esterno è...
